2220
In base 13, what is 231 - 3a66?
-3835
In base 13, what is -10 + 7665?
7655
In base 10, what is -1350 + -30?
-1380
In base 7, what is -6351 + 62?
-6256
In base 14, what is 120b4 - 66?
1204c
In base 7, what is 3 + -3162?
-3156
In base 11, what is 4 + -10879a8?
-10879a4
In base 12, what is 5 + -30118?
-30113
In base 13, what is 1179 - a6?
10a3
In base 5, what is -131 - 1410104?
-1410240
In base 10, what is 367 + 213?
580
In base 12, what is -161ab - 1?
-161b0
In base 4, what is 2033 - 3310112?
-3302013
In base 3, what is -1111121110 + -2022?
-1111200202
In base 9, what is -2 - 5360?
-5362
In base 4, what is -1 + 131010?
131003
In base 7, what is 5 + 1533662?
1534000
In base 15, what is 9 - -17d31?
17d3a
In base 3, what is 10020100022 - -12?
10020100111
In base 16, what is -3 + 6ffc?
6ff9
In base 9, what is -1482826 + -3?
-1482830
In base 7, what is -12614 - -3642?
-5642
In base 5, what is 0 - 121102?
-121102
In base 13, what is 100941 + -3?
10093b
In base 14, what is d5 + 876d?
8864
In base 16, what is -16 + -82cf?
-82e5
In base 3, what is -11020012 + 1?
-11020011
In base 5, what is 21203201 - -32?
21203233
In base 13, what is 3b3c - 1?
3b3b
In base 10, what is 7 + 36803?
36810
In base 14, what is 2a - -b6?
102
In base 2, what is 100110 - 101101100000010101?
-101101011111101111
In base 15, what is 36562 + 5?
36567
In base 16, what is -16 - -22ca8?
22c92
In base 5, what is 2 + 21001232?
21001234
In base 14, what is -153 - -8dd6?
8c83
In base 15, what is 37 + 715?
74c
In base 6, what is -31 + -42324?
-42355
In base 8, what is -426276 - -11?
-426265
In base 16, what is 54e + -d0?
47e
In base 16, what is 31 + d52?
d83
In base 14, what is -237481 - 0?
-237481
In base 14, what is -9964 + -4?
-9968
In base 6, what is -24123 - -10323?
-13400
In base 8, what is 373115 + -15?
373100
In base 5, what is 4 + 214340?
214344
In base 4, what is 20133 - 12?
20121
In base 14, what is -3340 - 14?
-3354
In base 16, what is -1 + -21d1?
-21d2
In base 3, what is 20 + -120012211?
-120012121
In base 13, what is 2350b4 + -4?
2350b0
In base 12, what is a123 - 17?
a108
In base 8, what is -140464 + 4?
-140460
In base 3, what is 20 + -111120?
-111100
In base 13, what is 9 - -396?
3a2
In base 6, what is -125 - -2122?
1553
In base 16, what is -7c443 + 9?
-7c43a
In base 8, what is -30657007 - -2?
-30657005
In base 12, what is -395 - 1a?
-3b3
In base 2, what is -11100110 + -1101?
-11110011
In base 6, what is -21214 - 530?
-22144
In base 2, what is -1110011100011001010 - -100?
-1110011100011000110
In base 6, what is 2132500 - 3?
2132453
In base 8, what is 121220 + -10?
121210
In base 11, what is -a + -6847?
-6856
In base 9, what is 83 - 256?
-163
In base 4, what is 10331 - 22?
10303
In base 11, what is -4 - -4273?
426a
In base 11, what is 28825 + -1?
28824
In base 6, what is 203525 + 2?
203531
In base 5, what is 20222 - 30?
20142
In base 4, what is -3111102 - -2?
-3111100
In base 12, what is 89681b + 0?
89681b
In base 8, what is 21 - -100000?
100021
In base 10, what is -2 + -147704?
-147706
In base 9, what is 17 - -245605?
245623
In base 3, what is -11 + -200001011?
-200001022
In base 2, what is -111011 + 1100000100101?
1011111101010
In base 13, what is 225 + 21?
246
In base 11, what is 45 + -618?
-583
In base 10, what is -12 - 5?
-17
In base 4, what is -11 + 20232030?
20232013
In base 9, what is 421215 - -16?
421232
In base 4, what is 13000 - -33030?
112030
In base 6, what is 143222332 + 4?
143222340
In base 4, what is 11211 + -2030?
3121
In base 16, what is 5b4 + -63?
551
In base 11, what is a20 - -24?
a44
In base 10, what is 2436 + -6?
2430
In base 3, what is -102 + 111211012201?
111211012022
In base 9, what is -14706 - -12?
-14684
In base 12, what is -349 + -5392?
-571b
In base 15, what is -1 - -4289a?
42899
In base 6, what is -5 - 233344?
-233353
In base 5, what is -344210412 - 3?
-344210420
In base 10, what is 1734 + 0?
1734
In base 12, what is -1118 - 59?
-1175
In base 16, what is -45bd9a + 5?
-45bd95
In base 6, what is 204253 - -3?
204300
In base 15, what is -19 + 1271?
1257
In base 13, what is 1830 - 9?
1824
In base 15, what is 4 - 842ae?
-842aa
In base 14, what is 11a89c - 1?
11a89b
In base 15, what is 1ba2e + 0?
1ba2e
In base 9, what is 770 + 86?
866
In base 16, what is -38c4 + 29?
-389b
In base 5, what is -4113431 - 10?
-4113441
In base 9, what is 51657 + -6?
51651
In base 4, what is -13333021 - -3?
-13333012
In base 2, what is -110000 - -1010010111000?
1010010001000
In base 14, what is 18a3 + -29?
1878
In base 11, what is 2 - 37703?
-37701
In base 4, what is -31131 + 3?
-31122
In base 11, what is 928 - 14?
914
In base 12, what is -100 - 223b?
-233b
In base 2, what is 1111000000 + 101100011110?
111011011110
In base 7, what is -1013 - 660?
-2003
In base 10, what is 6123 - -3?
6126
In base 8, what is 22 + -4233?
-4211
In base 9, what is 11 - -3302?
3313
In base 14, what is 1d + 1aada?
1ab19
In base 8, what is -5016 - 72?
-5110
In base 4, what is 1331 - 313?
1012
In base 13, what is 9 + 815?
821
In base 2, what is 100 + -111000011110?
-111000011010
In base 10, what is -22 - -2246?
2224
In base 8, what is -6 + 3024511?
3024503
In base 16, what is 1f5cc + 11?
1f5dd
In base 14, what is 122 - a8?
58
In base 14, what is 1b5 + a04?
bb9
In base 11, what is -299216 + 6?
-299210
In base 2, what is 10010011010000011000 + -11?
10010011010000010101
In base 4, what is 2210 - 2202332?
-2200122
In base 6, what is -3014515 + -4?
-3014523
In base 2, what is -100100111100 - -1011000010?
-11001111010
In base 4, what is 23212 - 1333?
21213
In base 13, what is -43b164 + 5?
-43b15c
In base 3, what is -122200 - -10212100?
10012200
In base 13, what is -3148 - -1?
-3147
In base 16, what is 5d38 + 25?
5d5d
In base 8, what is -4 - 143316?
-143322
In base 9, what is 26156 + -6?
26150
In base 13, what is 6 + 41b?
424
In base 8, what is 310543 - 5?
310536
In base 10, what is -731 + 2047?
1316
In base 12, what is 2 + -130?
-12a
In base 8, what is -375 + 226?
-147
In base 6, what is -3055 - -1304?
-1351
In base 6, what is -4001323 + 4?
-4001315
In base 13, what is -1876 - 20?
-1896
In base 8, what is 12 + 27001?
27013
In base 10, what is 61283 - -5?
61288
In base 3, what is -2001002020 - 22?
-2001002112
In base 8, what is 1711300 - -5?
1711305
In base 2, what is 100 + -1001010111001011110?
-1001010111001011010
In base 11, what is -49 - -676?
628
In base 11, what is -10511 + 34?
-10488
In base 12, what is 697b9 + 2?
697bb
In base 14, what is 68075 + -5?
68070
In base 9, what is 146451 - 8?
146442
In base 16, what is -51d + -64?
-581
In base 8, what is 74 + 363?
457
In base 10, what is -545876 + 0?
-545876
In base 12, what is -43 - -10492?
1044b
In base 10, what is -93264 - 10?
-93274
In base 3, what is -12111102 - -110?
-12110222
In base 11, what is 1313 - -380?
1693
In base 14, what is 19325a + 5?
193261
In base 16, what is 1c89 + 18?
1ca1
In base 12, what is 315a09 - 1?
315a08
In base 2, what is -1110010011001110 - -11?
-1110010011001011
In base 3, what is 120020221 - -121?
120021112
In base 6, what is 210 - -1403?
2013
In base 16, what is -c - -f5a?
f4e
In base 11, what is -398297 - -4?
-398293
In base 13, what is -11 - 43411?
-43422
In base 10, what is -11 + 6596?
6585
In base 7, what is -3415 - -440?
-2645
In base 7, what is -31 - 45535?
-45566
In base 6, what is 2 + -2030105?
-2030103
In base 4, what is -3231 + -12120?
-22011
In base 14, what is 10 - 200?
-1d0
In base 3, what is 12 + 1101022100?
1101022112
In base 5, what is 22 + 110224?
110301
In base 6, what is 2 - -23052424?
23052430
In base 12, what is -205b - -7?
-2054
In base 8, what is -3003 + 242?
-2541
In base 6, what is -43141 + -3?
-43144
In base 15, what is -3e3c + -5?
-3e42
In base 12, what is -176 - ab8?
-1072
In base 7, what is 14 - 22111?
-22064
In base 12, what is 214 + -526?
-312
In base 3, what is 11 + 1001212121?
1001212202
In base 4, what is -1033011021 + -1?
-1033011022
In base 9, what is -57 + -2251?
-2318
In base 2, what is -100111011011111 - -10?
-100111011011101
In base 12, what is 3 + -5baa?
-5ba7
In base 7, what is -5 - 3421306?
-3421314
In base 12, what is -2b59 + -1a?
-2b77
In base 9, what is 4048214 + -1?
4048213
In base 11, what is 10a90 + -6?
10a85
In base 4, what is 223113 + 1313?
231032
In base 3, what i